 of 41?
False
Is 104 a multiple of 8?
True
Does 3 divide 977?
False
Is 12 a factor of 5532?
True
Is 370 a multiple of 37?
True
Is 471 a multiple of 2?
False
Is 78051 a multiple of 30?
False
Is 34 a factor of 7446?
True
Is 60 a factor of 25260?
True
Is 7 a factor of 90344?
False
Does 40 divide 18488?
False
Is 21 a factor of 1380?
False
Is 5 a factor of 1082?
False
Does 4 divide 3038?
False
Does 44 divide 2376?
True
Is 350 a multiple of 30?
False
Is 17 a factor of 5389?
True
Is 32 a factor of 26620?
False
Does 29 divide 4321?
True
Is 825 a multiple of 5?
True
Is 28 a factor of 986?
False
Is 35 a factor of 140?
True
Is 299 a multiple of 18?
False
Does 25 divide 19766?
False
Is 58027 a multiple of 4?
False
Does 100 divide 8203?
False
Is 88 a multiple of 2?
True
Is 20336 a multiple of 8?
True
Is 11 a factor of 536?
False
Does 12 divide 330?
False
Is 41 a factor of 1271?
True
Does 102 divide 11574?
False
Is 603 even?
False
Is 1192 a multiple of 35?
False
Does 8 divide 22119?
False
Does 4 divide 40?
True
Is 11174 a multiple of 15?
False
Does 66 divide 12048?
False
Is 275 a factor of 3575?
True
Does 21 divide 1550?
False
Does 9 divide 2340?
True
Is 11 a factor of 10750?
False
Does 6 divide 5391?
False
Does 16 divide 144?
True
Is 14 a factor of 41356?
True
Is 41 a factor of 21976?
True
Is 6363 a multiple of 63?
True
Is 2109 a multiple of 111?
True
Is 32617 a multiple of 7?
False
Is 105 a multiple of 15?
True
Is 63 a multiple of 7?
True
Is 53130 a multiple of 55?
True
Is 83 a factor of 13280?
True
Is 89 a factor of 23401?
False
Is 21 a factor of 945?
True
Does 40 divide 4480?
True
Is 50 a factor of 7417?
False
Does 151 divide 1106?
False
Is 5 a factor of 1676?
False
Is 18 a factor of 163?
False
Does 12 divide 1637?
False
Is 1380 a multiple of 46?
True
Does 11 divide 6292?
True
Does 138 divide 1658?
False
Is 29 a factor of 1740?
True
Does 38 divide 1444?
True
Is 19 a factor of 1197?
True
Is 9139 a multiple of 86?
False
Is 20 a factor of 4500?
True
Does 241 divide 30125?
True
Does 288 divide 57600?
True
Does 21 divide 962?
False
Is 27 a factor of 71?
False
Is 1750 a multiple of 50?
True
Does 8 divide 513?
False
Is 8 a factor of 19096?
True
Is 19824 a multiple of 68?
False
Is 86 a factor of 4030?
False
Does 4 divide 2596?
True
Is 4815 a multiple of 9?
True
Is 5324 a multiple of 11?
True
Is 28575 a multiple of 25?
True
Does 55 divide 467?
False
Is 1225 a multiple of 5?
True
Is 202 a multiple of 5?
False
Does 7 divide 3192?
True
Is 11 a factor of 3400?
False
Is 14475 a multiple of 15?
True
Is 1315 a multiple of 34?
False
Does 50 divide 4657?
False
Is 34384 a multiple of 8?
True
Does 88 divide 29568?
True
Does 59 divide 4897?
True
Is 46 a factor of 70641?
False
Is 15 a factor of 108?
False
Is 4095 a multiple of 7?
True
Is 15 a factor of 963?
False
Is 34 a factor of 136?
True
Does 18 divide 1525?
False
Is 120 a factor of 31689?
False
Is 52 a factor of 642?
False
Is 13 a multiple of 13?
True
Is 315 a factor of 94195?
False
Does 77 divide 34419?
True
Is 144 a multiple of 21?
False
Is 18 a factor of 1077?
False
Is 247 a multiple of 80?
False
Is 9 a factor of 11990?
False
Does 237 divide 52614?
True
Is 41 a factor of 2155?
False
Is 11 a factor of 737?
True
Does 83 divide 18094?
True
Does 16 divide 3044?
False
Is 9 a factor of 4255?
False
Does 4 divide 8?
True
Is 59 a multiple of 7?
False
Is 9820 a multiple of 20?
True
Is 1703 a multiple of 15?
False
Is 88882 a multiple of 23?
False
Does 29 divide 986?
True
Is 17 a factor of 1538?
False
Is 6306 a multiple of 6?
True
Is 8 a factor of 28848?
True
Is 2331 a multiple of 37?
True
Is 1958 a multiple of 12?
False
Does 7 divide 873?
False
Does 34 divide 28458?
True
Is 10 a factor of 50917?
False
Is 4640 a multiple of 40?
True
Does 130 divide 10740?
False
Does 57 divide 228?
True
Is 9 a factor of 198?
True
Is 4 a factor of 2432?
True
Is 10 a factor of 2690?
True
Does 17 divide 3280?
False
Is 89 a factor of 4450?
True
Is 17 a factor of 10418?
False
Is 6 a factor of 1831?
False
Is 130 a factor of 2444?
False
Is 20 a factor of 1420?
True
Is 1379 a multiple of 8?
False
Is 40132 a multiple of 127?
True
Is 60 a factor of 1319?
False
Does 33 divide 3235?
False
Does 59 divide 247?
False
Does 98 divide 5782?
True
Does 7 divide 20712?
False
Is 257 a factor of 5397?
True
Is 63 a factor of 1635?
False
Is 17 a factor of 110?
False
Does 29 divide 843?
False
Is 2202 a multiple of 15?
False
Is 8 a factor of 168?
True
Does 30 divide 966?
False
Does 45 divide 23248?
False
Is 10582 a multiple of 11?
True
Does 21 divide 693?
True
Is 4 a factor of 272?
True
Is 10850 a multiple of 14?
True
Is 12 a factor of 2256?
True
Is 9 a factor of 2898?
True
Is 7889 a multiple of 98?
False
Does 32 divide 8288?
True
Does 28 divide 25581?
False
Is 11413 a multiple of 101?
True
Is 9 a factor of 1229?
False
Does 13 divide 14111?
False
Does 7 divide 1783?
False
Is 7 a factor of 7787?
False
Is 55 a factor of 15546?
False
Does 8 divide 2263?
False
Does 23 divide 1518?
True
Is 1353 a multiple of 33?
True
Is 24 a multiple of 24?
True
Does 15 divide 103560?
True
Is 393 a multiple of 44?
False
Is 48 a multiple of 48?
True
Is 3 a factor of 2086?
False
Does 8 divide 3219?
False
Does 17 divide 1870?
True
Is 29 a factor of 3480?
True
Is 3762 a multiple of 114?
True
Does 4 divide 2663?
False
Does 24 divide 1379?
False
Does 31 divide 5452?
False
Does 87 divide 28198?
False
Is 92 a factor of 1564?
True
Is 60 a factor of 11820?
True
Is 15785 a multiple of 35?
True
Is 2 a factor of 269?
False
Is 773 a multiple of 13?
False
Is 2 a factor of 1447?
False
Is 139 a multiple of 3?
False
Is 14 a factor of 2166?
False
Does 37 divide 4668?
False
Is 12 a factor of 2201?
False
Is 14 a factor of 552?
False
Does 5 divide 123?
False
Does 20 divide 61280?
True
Is 2767 a multiple of 34?
False
Is 444 a multiple of 12?
True
Is 847 a multiple of 11?
True
Is 1675 a multiple of 76?
False
Does 17 divide 7378?
True
Is 27 a factor of 490?
False
Does 5 divide 3664?
False
Does 43 divide 8858?
True
Does 259 divide 108135?
False
Does 6 divide 3683?
False
Is 27 a factor of 19479?
False
Does 86 divide 30625?
False
Does 41 divide 1722?
True
Is 14 a factor of 1820?
True
Is 29 a factor of 1623?
False
Is 3185 a multiple of 43?
False
Is 2648 a multiple of 14?
False
Is 121 a multiple of 11?
True
Is 133 a multiple of 5?
False
Is 135 a factor of 51840?
True
Is 2346 a multiple of 102?
True
Does 19 divide 1082?
False
Is 29 a factor of 13947?
False
Is 15 a factor of 7063?
False
Does 10 divide 310?
True
Is 10755 a multiple of 11?
False
Does 16 divide 4496?
True
Does 40 divide 625?
False
Is 677 a multiple of 42?
False
Is 16 a factor of 1552?
True
Is 4230 even?
True
Does 26 divide 962?
True
Does 70 divide 870?
False
Does 42 divide 84?
True
Is 393 a multiple of 18?
False
Is 476 a multiple of 14?
True
Does 6 divide 14796?
True
Does 17 divide 357?
True
Is 5280 a multiple of 8?
True
Is 2159 a multiple of 26?
False
Is 74 a factor of 1480?
True
Is 22 a factor of 3234?
True
Does 102 divide 27030?
True
Is 92 a factor of 3680?
True
Is 676 a multiple of 8?
False
Does 55 divide 49578?
False
Does 213 divide 41748?
True
Does 17 divide 238?
True
Is 15956 a multiple of 24?
False
Is 19 a factor of 20823?
False
Does 59 divide 3186?
True
Is 12 a factor of 9332?
False
Does 25 divide 1600?
True
Is 1554 a multiple of 26?
False
Does 45 divide 11655?
True
Is 637 a multiple of 5?
False
Does 5 divide 431?
False
Is 9 a factor of 1083?
False
Is 28 a factor of 565?
False
Does 42 divide 37511?
False
Does 21 divide 777?
True
Is 320 a multiple of 75?
False
Does 25 divide 200?
True
Is 41 a factor of 123?
True
Does 24 divide 24?
True
Does 37 divide 11174?
True
Is 637 a multiple of 91?
True
Does 29 divide 638?
True
Does 12 divide 490?
False
Does 16 divide 5792?
True
Is 68 a factor of 6936?
True
Does 144 divide 10656?
True
Does 67 divide 19678?
False
Is 25 a factor of 25?
True
Is 8 a factor of 360?
True
Does 44 divide 2737?
False
Does 6 divide 5426?
False
Does 147 divide 104517?
True
Is 38 a factor of 3154?
True
Is 5599 a multiple of 13?
False
Is 78 a factor of 1560?
True
Does 49 divide 17686?
False
Does 123 divide 827?
False
Is 136 a multiple of 34?
True
Does 7 divide 112?
True
Does 154 divide 12628?
True
Is 21 a factor of 939?
False
Is 10 a factor 